-719?
720
In base 10, what is -65 + -2?
-67
In base 13, what is 8 + 10?
18
In base 12, what is -71a - 1?
-71b
In base 2, what is 1 - 100000001?
-100000000
In base 6, what is -443 + 3?
-440
In base 9, what is 2 - -23?
25
In base 12, what is -1 + -674?
-675
In base 6, what is -2 - 102?
-104
In base 11, what is 1 + 8?
9
In base 5, what is 30 + 100?
130
In base 13, what is -11ab + -2?
-11b0
In base 2, what is -100101 - -10?
-100011
In base 15, what is 5 - 8c?
-87
In base 16, what is -5 - 66?
-6b
In base 2, what is 101 + 110111001?
110111110
In base 11, what is 5 + -1394?
-138a
In base 10, what is 5 + 275?
280
In base 10, what is 20 + -2?
18
In base 4, what is -332021 + -1?
-332022
In base 16, what is d + 2d?
3a
In base 8, what is 451 + -3?
446
In base 14, what is -1 - 52?
-53
In base 10, what is 24 - 31?
-7
In base 16, what is -461 - -3?
-45e
In base 12, what is 51b8 - -4?
5200
In base 14, what is 20 + -98?
-78
In base 16, what is d + -35?
-28
In base 12, what is 3 - -258?
25b
In base 14, what is -4 - 60?
-64
In base 8, what is 0 - -3?
3
In base 5, what is 4203 - -10?
4213
In base 3, what is 1102200 + 1022?
1110222
In base 4, what is -10023 - 10?
-10033
In base 6, what is -5 + 105?
100
In base 10, what is 277 + -2?
275
In base 14, what is 5 - -14?
19
In base 5, what is -4 - -133?
124
In base 9, what is 4 + -153?
-148
In base 2, what is 11 + 11010?
11101
In base 12, what is -1 + 12?
11
In base 14, what is 2812 + -1?
2811
In base 3, what is 1 - -110?
111
In base 5, what is 4 + -101?
-42
In base 16, what is b - d?
-2
In base 13, what is 4 - -24?
28
In base 12, what is -2 + 312?
310
In base 9, what is 200 - 1?
188
In base 2, what is 101011000 + -100?
101010100
In base 14, what is -1a + 1d?
3
In base 12, what is 7 + -10?
-5
In base 2, what is 101 - -10110?
11011
In base 2, what is -1001010 + -10001110?
-11011000
In base 13, what is -2 - 39?
-3b
In base 2, what is -1100010 - 1110110?
-11011000
In base 9, what is 485 - -11?
506
In base 4, what is 3 + 301?
310
In base 15, what is 397 + -2?
395
In base 9, what is 16 - 850?
-833
In base 3, what is -1021 + 2102?
1011
In base 2, what is 1 - -111?
1000
In base 4, what is -201 - 33?
-300
In base 7, what is -6 - 144?
-153
In base 10, what is -9 - -611?
602
In base 16, what is 77d - -9?
786
In base 13, what is 1c + -355?
-336
In base 3, what is 12100211 + -11?
12100200
In base 15, what is 43 - 2?
41
In base 8, what is 15726 + -4?
15722
In base 9, what is 355 + 0?
355
In base 6, what is -20 - 145?
-205
In base 10, what is 1 - -192?
193
In base 13, what is -3 - -423?
420
In base 9, what is 16776 - -1?
16777
In base 4, what is -3 + -12233?
-12302
In base 12, what is -b - 78?
-87
In base 15, what is 1c94 - 0?
1c94
In base 13, what is 52aa - 2?
52a8
In base 12, what is -104 - -3?
-101
In base 15, what is a + 1ec?
207
In base 13, what is 4 - 26?
-22
In base 4, what is -2333 + 2110?
-223
In base 16, what is -7a + -f?
-89
In base 6, what is 10214 + 5?
10223
In base 12, what is 23b2 - -1?
23b3
In base 2, what is 111100 + 110?
1000010
In base 5, what is -134224 + -10?
-134234
In base 10, what is 0 - -43?
43
In base 9, what is -5 - -10?
4
In base 4, what is -11 - 10301?
-10312
In base 12, what is -4 - 125?
-129
In base 12, what is -10 - -a0?
90
In base 10, what is 2208 + 4?
2212
In base 16, what is 4 + 4a?
4e
In base 5, what is -10 - 344?
-404
In base 14, what is -2 - 220?
-222
In base 13, what is 9 + 413?
41c
In base 14, what is -7ca3 + 2?
-7ca1
In base 13, what is 5 + 2ab?
2b3
In base 2, what is 111 - -1001?
10000
In base 10, what is 59 - -2?
61
In base 13, what is 4a + 58?
a5
In base 7, what is -1252 - 0?
-1252
In base 2, what is 11 + -100101?
-100010
In base 4, what is 113 - -1130?
1303
In base 14, what is 110 - 4?
10a
In base 4, what is 2321 + 3?
2330
In base 3, what is -1000 - 0?
-1000
In base 5, what is -102 + -30?
-132
In base 2, what is -10 + -100100111?
-100101001
In base 7, what is -1 + -215?
-216
In base 4, what is 0 - 31312?
-31312
In base 7, what is -4 - -104?
100
In base 10, what is 0 - 27?
-27
In base 16, what is -2 + 43?
41
In base 9, what is -6 - 34?
-41
In base 14, what is 6 - 106?
-100
In base 3, what is 10001 + 2?
10010
In base 6, what is 334 - -54?
432
In base 3, what is 111112 - 0?
111112
In base 3, what is -22001 - -20?
-21211
In base 12, what is -4 + -18?
-20
In base 9, what is 20 - 1177?
-1157
In base 16, what is -17c - 2?
-17e
In base 11, what is 69 + -14?
55
In base 10, what is -3 - -286?
283
In base 11, what is -5a - 41?
-a0
In base 8, what is 0 - 47?
-47
In base 15, what is -1a + -336?
-351
In base 2, what is 101010110011 + 0?
101010110011
In base 4, what is -2 + -231332?
-232000
In base 14, what is 7 - -37?
40
In base 4, what is -321123 - 0?
-321123
In base 15, what is 3 + 32d?
331
In base 8, what is -7725 + 2?
-7723
In base 14, what is 97 - -5?
9c
In base 2, what is 11101001 - -101?
11101110
In base 14, what is 57a + -4?
576
In base 12, what is b3aa - -3?
b3b1
In base 7, what is 15030 + -3?
15024
In base 11, what is 2a + -3?
27
In base 14, what is -1a3 - -1?
-1a2
In base 5, what is -44 - 21?
-120
In base 12, what is -3 + -5?
-8
In base 6, what is -34 - -11?
-23
In base 8, what is 26 + -24?
2
In base 7, what is -4 + -4025?
-4032
In base 2, what is -10011 + 100111011?
100101000
In base 9, what is 14 - 82?
-67
In base 4, what is 100 + 21120?
21220
In base 11, what is -10 - 52?
-62
In base 12, what is 2 - 31?
-2b
In base 11, what is 89 - 7?
82
In base 14, what is -851 + -5?
-856
In base 13, what is 3 - 4?
-1
In base 14, what is 24ca + -5?
24c5
In base 6, what is 41 - 113?
-32
In base 5, what is -20 - -22034?
22014
In base 2, what is -10 + 1011100?
1011010
In base 15, what is 68 + 7?
70
In base 2, what is 1001 - -110010100?
110011101
In base 11, what is -2 + 11?
a
In base 15, what is -4 + -28b?
-290
In base 10, what is -3 + -109?
-112
In base 5, what is 130 + 1404?
2034
In base 5, what is 42 - -10?
102
In base 5, what is 101 - -10122?
10223
In base 12, what is -35 - -28?
-9
In base 6, what is 0 + 2155?
2155
In base 2, what is -100 + 100001100011?
100001011111
In base 15, what is -d - cb6?
-cc4
In base 6, what is -5 - 13?
-22
In base 9, what is 24 + -12?
12
In base 4, what is -1 - 1013?
-1020
In base 8, what is 14 - 731?
-715
In base 14, what is 9 - 6?
3
In base 9, what is -4 + -172?
-176
In base 12, what is 2 + -931?
-92b
In base 13, what is b3 + 8?
bb
In base 4, what is 10 + -21020?
-21010
In base 3, what is 1112202 - -11?
1112220
In base 11, what is 5 - -66?
70
In base 11, what is 3 + 120?
123
In base 11, what is 48 + 5?
52
In base 15, what is -d + -5d?
-6b
In base 8, what is -3273 + -3?
-3276
In base 3, what is -11 + -1010210?
-1010221
In base 6, what is 10 - -424?
434
In base 7, what is 22 - 3?
16
In base 11, what is 414 - -5?
419
In base 6, what is -13 - 132?
-145
In base 10, what is 9684 + -2?
9682
In base 6, what is 11 - 13302?
-13251
In base 8, what is -1223 - -5?
-1216
In base 13, what is 445 + -3?
442
In base 13, what is 2 + 1381?
1383
In base 9, what is 576 + 4?
581
In base 6, what is -40 - 4?
-44
In base 12, what is 37 - -299?
314
In base 4, what is -3101 + 30?
-3011
In base 10, what is -89 + -33?
-122
In base 16, what is c - -5b4?
5c0
In base 13, what is -1 + -11?
-12
In base 5, what is 30 + 420?
1000
In base 4, what is 10202120 + 0?
10202120
In base 11, what is -34 + 2?
-32
In base 3, what is -200 - 110012?
-110212
In base 8, what is -23 - -71?
46
In base 14, what is 3c - 4?
38
In base 11, what is 4a25 + -2?
4a23
In base 2, what is -1100001 + 11?
-1011110
In base 7, what is 0 - -242?
242
In base 15, what is 20 + 0?
20
In base 4, what is 333 + -103?
230
In base 9, what is 4 - 217?
-213
In base 10, what is -5 + -343?
-348
In base 3, what is 1000 + 10?
1010
In base 12, what is -128 - 1?
-129
In base 13, what is 5 + a?
12
In base 13, what is -67 + 1?
-66
In base 13, what is 92 - 3?
8c
In base 16, what is -be + 1?
-bd
In base 10, what is 83 - 53?
30
In base 9, what is 32 - -330?
362
In base 10, what is 3 + 53?
56
In base 11, what is 252 + -a?
243
In base 7, what is -3514 - 1?
-3515
In base 14, what is -60 - -2?
-5c
In base 7, what is -4105 - 0?
-4105
In base 7, what is 5231 - 0?
5231
In base 16, what is 18 - 3?
15
In base 6, what is -1 - 112?
-113
In base 14, what is 5 - 65?
-60
In b